4
Suppose q + 1 = 5. Suppose -4*u - y = -12, 0 = 3*u + 2*y - 4*y + 2. Suppose 5*o - 4*s + u = 0, 5*o + 1 = 4*o + s. What is the highest common divisor of o and q?
2
Let s = -6994 + 7302. What is the highest common divisor of s and 2079?
77
Let v(j) = -j**3 + 9*j**2 + 14*j - 33. Let s be v(10). Let p be 21/(-7) - (1 + -5). What is the greatest common divisor of s and p?
1
Suppose -i + 21 = 5*h, 5*i - 12 = -2*h + i. Suppose -2*g - 2*w + 92 = 36, 4*g = -2*w + 112. What is the highest common divisor of h and g?
4
Let k(h) = -h**2 + 15*h + 32. Let l be k(14). Let a = l + -22. What is the greatest common divisor of a and 30?
6
Let w = -8141 + 8482. What is the greatest common divisor of 77 and w?
11
Suppose -4*p = -80 - 32. Let j be (7/p)/(2/(-368)*-2). Suppose -7*f + 6*f + 253 = 0. What is the highest common factor of j and f?
23
Suppose c - 6 = -3*z, -2*c + z - 5*z + 14 = 0. Let t be 3*(-2)/c*(-261)/6. Suppose 121 = 5*j - t. Calculate the highest common factor of 10 and j.
10
Let d = -510551 + 510623. Let y be (3 + 0)*56*1. Calculate the highest common divisor of d and y.
24
Suppose -2*k + 7 = 1. Suppose -3*s - 16 = 5*j, 5*s - j + 12 = -2*j. Let g be (-1 + s + 12)/3. What is the greatest common divisor of g and k?
3
Let f(c) be the first derivative of 20*c**2 + 225*c - 171. Let w be f(-4). What is the greatest common factor of w and 13?
13
Let p be (-14)/21 + 1776/72. What is the greatest common divisor of 2488 and p?
8
Let y be (5/1 - -1) + (3063 - -12 - -4). Calculate the highest common divisor of 5 and y.
5
Let v be (1040/(-39))/(28/(-21)). Let o = 9 - 4. Suppose -4*b = s + 4*s + 17, o*b - 3*s = 25. Calculate the highest common factor of v and b.
2
Suppose -2*o = 5*x - 42, o - 3*o = -2. Suppose 1312 = 5*n - n. Calculate the highest common factor of x and n.
8
Let s be (-4)/((-3)/(-10 + 4438)). Calculate the greatest common factor of 288 and s.
144
Let l(b) = -177*b + 4002. Let p be l(-25). Calculate the highest common factor of 318 and p.
159
Let y be 4/4*7 - 2. Let f(r) = -r**3 + 6*r**2 - 4*r + 5. Let l be f(y). Let j be (-8)/(-6)*9/6. What is the highest common divisor of l and j?
2
Let f(c) = -70*c - 594. Let k be f(-9). Let v(h) = -16*h - 10. Let i be v(-4). Calculate the greatest common factor of i and k.
18
Suppose -b = 4*u - 140, -16*b = -19*b - 4*u + 452. What is the greatest common divisor of b and 195?
39
Let x = 20159 - 20144. Calculate the greatest common divisor of x and 12795.
15
Let l = -57 + 59. Let x(y) = 35*y + 29. Let r be x(l). What is the highest common divisor of 9 and r?
9
Let u(t) = 85*t**2 + 3*t - 1. Let k be u(2). Suppose -6 = 2*l, 931 = y + l + k. Suppose -y + 141 = -4*g. What is the highest common divisor of 28 and g?
28
Suppose 1740 = 10*f - 4243 + 1343. What is the greatest common divisor of 352 and f?
16
Let c = 19238 - 19058. What is the greatest common divisor of c and 1455?
15
Suppose 340 = 3*f - 8*f. Let p = -19 - f. Let h be 49/(-14)*(-31 + 29). Calculate the highest common factor of h and p.
7
Suppose 8*w = -7*w - 3570. Let u = 272 + w. What is the highest common factor of u and 136?
34
Suppose 3*b + 3*n = 4*n + 29121, -19401 = -2*b + 5*n. What is the greatest common divisor of b and 12?
12
Let r = 105 - 63. Suppose -33*m + 19*m = 18354. Let u = m + 1647. What is the greatest common divisor of u and r?
42
Let d(m) = m**3 - 60*m**2 - 399*m + 200. Let u be d(66). Let b = 72 + -26. Calculate the highest common factor of b and u.
2
Suppose 0 = -7*m + 4*m - 3*v + 204, m = 2*v + 80. Let b(s) = -17*s - 12. Let u be b(-6). Calculate the highest common factor of m and u.
18
Suppose 1500 - 44 = 2*x - 2*g, -x = 4*g - 728. Calculate the greatest common factor of x and 130.
26
Let t be ((6*9)/1)/((-43)/(-43)). Suppose 5*h - h - 46 = k, 0 = 5*h - 3*k - t. What is the greatest common divisor of h and 96?
12
Suppose 8940 = -12*c + 74016. What is the greatest common divisor of 187 and c?
187
Let l be (30/21)/(267129/16695 + -16). What is the greatest common divisor of l and 318?
106
Let o = 168 + -162. Suppose 0 = 4*v - 5*f - 84, v - 15 = -2*f + o. Calculate the greatest common factor of v and 21.
21
Let y = -7739 - -7756. Calculate the greatest common divisor of y and 24259.
17
Suppose 3*x - 2*x - 2*w = -141, -5*x - w - 705 = 0. Let a = -246 + x. Let h be (a/6)/((-3)/4). Calculate the greatest common divisor of h and 215.
43
Suppose 388 = 12*v + 1840. Let a = v - -134. Calculate the highest common factor of 169 and a.
13
Let u be (28/56)/(-8*4/(-106304)). What is the greatest common factor of 3171 and u?
151
Let i(g) = -6*g**3 + 61*g**2 - 18*g - 5. Let k be i(9). What is the greatest common divisor of k and 200?
200
Suppose -90*k + 51438 + 40761 = 20829. Calculate the greatest common divisor of 915 and k.
61
Let k be 18/(-3) + 120*8/(-6). Let y = 190 + k. What is the highest common divisor of y and 45?
3
Let p = 57 - 53. Let i(m) = 2*m - 8. Let j be i(p). Let y(k) = k + 15. Let x be y(j). Calculate the greatest common divisor of 135 and x.
15
Let d be ((-33)/(990/(-200)) - 9)*21*-3. What is the highest common factor of d and 1960?
49
Let b = 299 - 49. Let w = b + -249. Calculate the greatest common divisor of w and 5.
1
Let r = -1484 + 1551. Calculate the highest common divisor of 4623 and r.
67
Suppose -5*t - 90 = 4*t. Let k be ((-144)/t)/((-5)/(-75)). What is the highest common factor of 27 and k?
27
Suppose h + 3*r = 1215, 1216 = -28*h + 29*h + 2*r. What is the greatest common divisor of 63 and h?
21
Let u = -314 + 319. Suppose -1621 = -u*o - 1546. What is the greatest common factor of o and 15?
15
Let t(c) = -c**3 - c**2 - c + 4. Let a be t(-4). Let h(u) = -1032*u - 14434. Let d be h(-14). What is the greatest common divisor of a and d?
14
Suppose -2*x + 137 + 35 = 5*g, -8 = -4*g. What is the greatest common factor of x and 738?
9
Let g(h) = h**2 + 4*h + 2. Let s be g(-5). Let p be (-853 - 4)/(7/(-7)). Let o = 934 - p. Calculate the highest common divisor of o and s.
7
Let w be (-24)/(-56)*3052/3. What is the highest common factor of 4905 and w?
109
Let u(b) = -10*b + 16. Let q be u(-2). Suppose -q*r = -37*r + 14. Let v be (-1)/(3/280)*24/(-20). What is the highest common factor of r and v?
14
Suppose 24 = g - 4*u - 14, 2*g + 5*u = 76. What is the greatest common factor of 22116 and g?
38
Let j = -594 + 599. Suppose 0 = -4*o + 4*v + 284, v - j*v = -20. Calculate the highest common factor of o and 2.
2
Suppose -5*l + 4 + 16 = 0, 0 = 5*u + l - 244. Let a = -221109 - -221115. What is the highest common factor of u and a?
6
Suppose -t = -5*o + 248 - 287, -t + 69 = o. What is the highest common divisor of 2368 and t?
64
Let q(c) = -c**2 + 2*c + 51. Let s be q(0). Suppose -3 = -4*t + 13, -3*j + s = -3*t. Suppose 14 = 5*w - j. Calculate the highest common divisor of w and 28.
7
Let a be 2 + 15/(0 + (-9)/(-6)). Let i(g) = g**2 + 9*g - 48. Let p be i(12). What is the greatest common factor of p and a?
12
Let g be (2/(-4))/(-20 + (-11995)/(-600)). Let u = -16 - -40. What is the greatest common divisor of u and g?
12
Let l be (2 + -1)/(2/34). Let n = 285 - 377. Let a = n + 211. What is the greatest common factor of l and a?
17
Suppose -257*w + 252*w = 3*v - 581, 6*v + 2*w = 1226. Let a = 13 - 4. What is the greatest common factor of a and v?
9
Let c(s) = 5*s**2 - 15*s - 28. Let i(a) = -4*a**2 + 15*a + 26. Let k(r) = 5*c(r) + 6*i(r). Let l be k(-15). Calculate the highest common divisor of l and 208.
16
Let p be 0/(-7) + (-25 - 0)*-1. Suppose -2*x = -p + 17. Let u be 5 - 22/x - 58/(-4). Calculate the greatest common factor of 1 and u.
1
Suppose 0 = 22*h - 708 - 216. Calculate the greatest common factor of h and 231.
21
Let l be (2*(-366)/36)/((-1)/9). Let j = l + -161. What is the highest common divisor of 33 and j?
11
Suppose -27*k = 6019 - 8989. Calculate the greatest common divisor of 902 and k.
22
Suppose -2*g = -4*f - 3*g + 154, -4*f - 3*g + 158 = 0. Let a = 484 - 482. What is the highest common factor of a and f?
2
Suppose 4*q = 8*q + 4. Let r(n) = -6*n. Let a be r(q). Let k be -31*((-22)/55 + a/(-10)). What is the highest common divisor of 31 and k?
31
Let p be (2/(-7))/(32/(-14) - -2). Let n = p + 13. Suppose -3*z - 2*d + 141 = 0, d = 3*z - z - 101. Calculate the greatest common factor of n and z.
7
Suppose -19*o = -o 